4*i + p = 12643, -2*i + 1142 = 3*p - 5167. Suppose 2*g - 3*x = i, 2*x + 4742 = 3*g - 2*x. What are the prime factors of g?
2, 3, 263
Let l be (-4299)/10*-24 - 42/(-105). Suppose -5*p + l = 17*p. List the prime factors of p.
7, 67
Let n(m) = m**3 + 18*m**2 - 21*m - 23. Let a be n(-19). Let b = 1 - a. List the prime factors of (-44 - b)/(6/(-8)).
2, 5
Let w = 49829 - 32223. List the prime factors of w.
2, 8803
Suppose -3*w - 8632 = -k, -49*k - 2*w = -45*k - 34472. What are the prime factors of k?
2, 5, 431
Suppose 58145 = 3*q - 4*z, -16 = 5*z - 21. List the prime factors of q.
3, 7, 13, 71
What are the prime factors of 1 - (-18229 + 0) - -2*(6 - 3)?
2, 47, 97
Suppose 2 = -2*d - 3*s, -4 = -4*d + 5*s + 14. Let m = 1 - 1. What are the prime factors of 132 - (m/d - (-4 - -1))?
3, 43
Let b(n) = -1663*n**3 + 6*n**2 + 20*n + 47. List the prime factors of b(-3).
2, 23, 977
Suppose 4*g + 2*h = 20, 7*g - 12*g - 3*h + 26 = 0. Suppose 5*x + 634 = r, -807 + 171 = -r + g*x. List the prime factors of r.
2, 7, 23
Let l = 532 - 1162. Let t = l + 885. What are the prime factors of t?
3, 5, 17
Let b = 783 + -466. Let j = -203 + b. Suppose 0 = -3*f - 33 + j. What are the prime factors of f?
3
Suppose 0 = -4*s + 5*s - 5. Suppose 157 = k + 26. Suppose 0 = s*f + k - 566. What are the prime factors of f?
3, 29
Let d(u) = 4*u**2 + 16*u - 44. Let r be d(-12). Suppose 56*c + r = 60*c. List the prime factors of c.
5, 17
Suppose -z + v + 21 = -4*v, 3*z - v = 7. List the prime factors of 346*z + (18 - 14).
2, 5, 7
Let d be ((-2)/4)/(25/(-100150)). Suppose 6*j = d + 1639. What are the prime factors of j?
607
Let l = 102 + 621. Suppose 5*s - 2*i - l = 4*s, -4*s = -3*i - 2882. List the prime factors of s.
719
Let n be (1 + -3 + 0)*1315/(-10). Let b = 274 - n. What are the prime factors of b?
11
Suppose 0 = -3*r - b + 4513, -b - 649 = -2*r + 2363. List the prime factors of r.
5, 7, 43
Suppose 475 = 6*t + 463. Suppose 2*x - 19 = -5*c + 430, -t*c + 188 = -2*x. List the prime factors of c.
7, 13
Suppose -8*h = 8 - 48. List the prime factors of 670 - h/(-10)*(-1 - -1).
2, 5, 67
Let t(r) = 3*r**2 - 10*r + 17. Let q be t(3). Suppose -5*z + 11 = -q. What are the prime factors of z?
5
Let q(k) be the first derivative of 8/3*k**3 - 3/2*k**2 - k - 1/4*k**4 + 4. What are the prime factors of q(7)?
3
Suppose 12 = -r - 2*p, 0 = 2*r - 5*r - 5*p - 35. What are the prime factors of 144 + (-4)/(-2) - 0/r?
2, 73
Suppose 6*v - 8*v + 6 = 0. Suppose f + 1294 = v*f. What are the prime factors of f?
647
Suppose -48050 = -5311*c + 5306*c. What are the prime factors of c?
2, 5, 31
Let b = 10 - -648. Let c = 1055 - b. What are the prime factors of c?
397
Suppose -5*p + 3*p = 4*r, 2*r = p. Suppose -4*i - 153 + 633 = p. What are the prime factors of i?
2, 3, 5
Suppose -4*j - 3 = 3*b, 5*b = -2*j + 9 - 0. Let t be (-1448)/(-29) + (-214)/(-3103). Let r = t + j. List the prime factors of r.
47
Let n(z) = 629*z - 110. List the prime factors of n(13).
3, 2689
Suppose -2806*f + 2793*f + 211107 = 0. List the prime factors of f.
3, 5413
Let f be 151/(-6)*3 + (-6)/(-4). Let n = -430 - f. Let q = -155 - n. List the prime factors of q.
3, 67
Suppose w = -v + 6*v + 44, -3*v - 12 = 3*w. List the prime factors of (v + 228/30)*-1890.
2, 3, 7
Suppose 11981 = -14*r + 6*r + 182821. List the prime factors of r.
5, 4271
Suppose -136*r - 2*r + 3319750 = 37*r. What are the prime factors of r?
2, 5, 7, 271
Let d(h) = 121*h**3 - 2*h**2 - 11*h + 1. Let j(v) = -121*v**3 + v**2 + 10*v - 1. Let s(f) = -3*d(f) - 4*j(f). What are the prime factors of s(2)?
3, 107
Suppose g + 20929 = 24*r - 20*r, 4*g + 5221 = r. What are the prime factors of r?
5233
Let d be 25 + 6/2 + -3. Suppose -3*g + d + 12 = -5*k, -k - g - 1 = 0. List the prime factors of 28/6*(k - (-637)/14).
3, 7
Suppose -5 + 8 = 5*b + 3*s, s + 4 = 0. Suppose 0 = 5*n + 25, b*r - 5*n = 6*r - 551. List the prime factors of r.
2, 3
Let c be 109*6/(-4)*(-16)/24. Let u = 113 - c. Let f(j) = 4*j**3 - j**2 - 3*j + 1. List the prime factors of f(u).
229
What are the prime factors of 99316/26 - (9 + 238/(-26))?
2, 5, 191
Suppose -42*t - 15*t + 3195700 = 43*t. What are the prime factors of t?
31957
Let w(f) be the first derivative of 379*f**4/2 - 5*f**2/2 + 6*f - 56. List the prime factors of w(1).
3, 11, 23
Let k(t) = 205*t**2 + 3156*t + 10. List the prime factors of k(-22).
2, 47, 317
Suppose v + 2*j - 2548 = 3535, 5*v = -3*j + 30422. List the prime factors of v.
5, 1217
Let p = -13732 + 21231. List the prime factors of p.
7499
Let i = -12056 + 18809. Suppose 583 = -l - 2*t + 1930, -5*l - 4*t + i = 0. List the prime factors of l.
3, 11, 41
What are the prime factors of 6329 - (-88)/55*5?
6337
Let g = 21 + -18. Let y be (0 + -3)/(12/(-152)). Let s = y - g. What are the prime factors of s?
5, 7
Suppose 15*n = 12*n + 21. Suppose 1094 = 5*g - f, -2*g - 4*f - 1091 = -n*g. List the prime factors of g.
3, 73
Suppose 76*g - 1120595 + 321873 = 214206. List the prime factors of g.
2, 7, 17
Suppose 0 = 53*v + 26*v - 237553. What are the prime factors of v?
31, 97
Suppose 32 = 11*j + 120. What are the prime factors of j/4 + (764 - 12)?
2, 3, 5
Let v = 21179 - -3307. List the prime factors of v.
2, 3, 7, 11, 53
Let w be (1/2)/((-16)/(-128)). Suppose 0 = -2*q + 4*x - 172 + 1490, -2592 = -w*q - 3*x. What are the prime factors of q?
3, 7, 31
Let v be -1*81/15*-30. Suppose -2*x + 86 = -v. What are the prime factors of x?
2, 31
Let x = 15226 - 7071. What are the prime factors of x?
5, 7, 233
Suppose 7*a = 4*a + 60. Suppose -a*o + 355 = -15*o. Let k = 38 + o. List the prime factors of k.
109
Let l = 7097 + -4351. List the prime factors of l.
2, 1373
Suppose 0 = 5*z - 3*q - 45048, -3*z - 2*z + 5*q = -45040. What are the prime factors of z?
2, 3, 751
Let l(x) = 11*x - 27. Let o be l(3). Suppose o*u - 163 + 67 = 0. Suppose u*f - 77 = 5*f. List the prime factors of f.
7
Let w(u) = 4*u**2 + 145*u + 24. List the prime factors of w(-58).
2, 3, 5, 13
What are the prime factors of -10*20/1300 - (-837516)/26?
2, 8053
Let y(p) = -347*p - 114. Let u be y(-8). Suppose -9*b + u = -452. What are the prime factors of b?
2, 173
Let o be (30/(-20))/(6/(-4)). Let b(v) = 6*v**2 + 2*v. Let j be b(o). Suppose 0 = -4*g + j*g - 336. List the prime factors of g.
2, 3, 7
List the prime factors of (-10)/(-40)*(7410 + (-5 - -3)).
2, 463
Suppose 79 = r - 47. Let m = r - 73. Let c = -31 + m. List the prime factors of c.
2, 11
Let x(l) = -l**3 - l**2 + l + 4. Let k be x(0). Suppose -v + 20 = k*v. Suppose -v*n + g + 327 = 0, -n - 4*n + 413 = 3*g. What are the prime factors of n?
2, 41
Let i(n) be the second derivative of n**7/210 - n**6/720 - 5*n**4/12 - 31*n. Let w(g) be the third derivative of i(g). What are the prime factors of w(-2)?
2, 5
Suppose 5*q + 2*k + 16 = 0, q + 0*k = -4*k - 14. List the prime factors of (-758)/q - (-6 + (8 - 7)).
2, 3
Let w be 2/2 - (-4 + 26). Let a = w + 24. Suppose 3*n - 5*b = 259 + 10, -a*n = -4*b - 271. What are the prime factors of n?
3, 31
Let i(p) = -18*p - 15*p + 5*p - 8*p. Let x be i(-2). Let j = x + 146. What are the prime factors of j?
2, 109
Let f(z) = 14*z**3 + 6*z**2 + 10*z + 39. Let r(y) = 7*y**3 + 3*y**2 + 6*y + 19. Let x(n) = 2*f(n) - 5*r(n). What are the prime factors of x(-4)?
3, 47
Let d = 25 + -19. Suppose s + 2*u = 4*s + 18, s + u = -d. List the prime factors of ((-230)/(-30))/((-1)/s).
2, 23
Let o be ((-60)/(-135) - (-31)/(-9)) + -1. What are the prime factors of ((-7)/o)/(4833/2412 - 2)?
7, 67
Let s = 85 - 85. What are the prime factors of (5 + (5 - s))/(1/4)?
2, 5
Let z(t) = t**3 - t**2 + 25*t - 91. Let g be z(4). Suppose 2*j - 3*a = 1146, 5*a - g + 37 = 0. List the prime factors of j.
3, 193
Let s(v) = 205*v - 2. Suppose 4*q + 5*b = -21, 3*q = 3*b - 5 + 23. Let j be s(q). Let g = -95 + j. List the prime factors of g.
2, 3
Suppose -24*d + 16775 = -845 - 2444. List the prime factors of d.
2, 11, 19
Suppose 0 = 5*g + 5*y + 7655, -18*y + 21*y + 1537 = -g. Let f = g - -2164. List the prime factors of f.
2, 3, 53
Let y(m) = -28*m + 181. Let s be y(18). List the prime factors of 2/(-17) - 166706/s.
2, 3, 43
Let j = -696 - -1280. Let p = 362 - -222. Suppose -p = -16*v + j. List the prime factors of v.
73
List the prime factors of ((-4204)/6 + -3)/((-23)/23)*18.
2, 3, 2111
Let d be ((-14